(-119).
37
Let v(o) = 2*o**2 - 2970*o - 30. Determine v(0).
-30
Let g(i) = 2*i**2 + 12865*i + 8710476. Calculate g(-769).
13
Let r(n) = -16*n**3 + 103*n**2 + 322*n + 19. Determine r(-3).
412
Let n(f) = 4825*f - 19270. Calculate n(4).
30
Let y(a) = -a**2 - 1137*a - 38548. Determine y(-1102).
22
Let j(r) = -78*r**2 + 386*r + 1147. Give j(-3).
-713
Let z(j) = 177*j - 2049. Give z(14).
429
Let m(f) = 2*f**3 - 20*f**2 - 1831*f - 1523. Calculate m(36).
-47
Let l(s) = s**2 - 217*s + 4848. What is l(22)?
558
Let j(k) = 2*k**3 + 60*k**2 + 14*k - 1049. Give j(4).
95
Let p(o) = 5018*o + 391350. What is p(-78)?
-54
Let q(c) = 8*c**2 - 3134*c - 3933. Give q(393).
-3
Let z(c) = -c**3 - 607*c**2 - 28637*c + 123759. Give z(-555).
-6
Let f(i) = -2*i**2 - 120*i - 135. Determine f(-8).
697
Let k(p) = -1464*p + 61045. Calculate k(42).
-443
Let q(s) = s**2 - 770*s - 87965. Determine q(-101).
6
Let m(t) = -93*t**2 + 25866*t - 3322. What is m(278)?
14
Let o(h) = -10*h**3 - 1279*h**2 + 135*h + 1668. Determine o(-128).
772
Let j(l) = 4*l**3 - 623*l**2 - 23*l - 20741. Determine j(156).
7
Let r(o) = -113175*o + 7356380. Calculate r(65).
5
Let x(a) = a**2 - 19116*a + 400979. Determine x(21).
-16
Let x(s) = -2*s - 2533. What is x(82)?
-2697
Let v(o) = -o**3 + 1922*o**2 + 15469*o - 7. Calculate v(-8).
-239
Let i(g) = -g**3 + 126*g**2 - 499*g + 1280. What is i(122)?
-62
Let d(b) = -711*b - 152247. Calculate d(-213).
-804
Let p(r) = r**2 - 1792*r + 14376. What is p(8)?
104
Let y(k) = 263432*k + 6585803. Calculate y(-25).
3
Let p(u) = 3613*u**3 - u**2 - 713*u + 714. Give p(1).
3613
Let o(k) = k**2 + 277*k - 32573. Determine o(89).
1
Let x(q) = -21410*q + 813587. Calculate x(38).
7
Let u(b) = 2*b**3 + 278*b**2 + 728*b + 24496. Determine u(-137).
-164
Let x(p) = 50*p**2 - 398*p + 17. Calculate x(8).
33
Let f(o) = -o**3 + 478*o**2 + 24676*o - 527. Give f(525).
-2
Let o(q) = 54864*q + 822983. Calculate o(-15).
23
Let w(q) = -q**3 - 122*q**2 - 508*q - 111. Determine w(-4).
33
Let k(a) = -a**3 - 325*a**2 + 24*a + 7858. Calculate k(-325).
58
Let t(c) = -4641*c + 227416. What is t(49)?
7
Let t(i) = 11*i**2 - 2541*i + 15270. What is t(6)?
420
Let c(h) = 3*h**2 - 3802*h + 11390. What is c(3)?
11
Let l(n) = -3*n**2 + 93*n + 4225. What is l(56)?
25
Let l(a) = a**3 - 9*a**2 - 37*a - 134. Give l(12).
-146
Let u(z) = -3672*z + 10825. Determine u(3).
-191
Let m(w) = -50*w**2 - 2445*w - 4456. Give m(-47).
9
Let t(u) = -u**2 + 1292*u + 35600. Give t(-27).
-13
Let p(k) = -7*k**3 - 450*k**2 + 801*k + 595. Calculate p(-66).
1
Let c(h) = -5069*h - 142772. Give c(-28).
-840
Let i(m) = 2*m**3 + 11*m**2 - 22*m + 116. Determine i(7).
1187
Let l(r) = 267*r**2 + 1097*r - 3294. Determine l(3).
2400
Let i(u) = 96*u - 27262. Determine i(284).
2
Let t(w) = 47687*w - 3338079. Calculate t(70).
11
Let l(u) = -41*u**2 + 21*u + 933. Determine l(9).
-2199
Let n(s) = 615*s - 3311. Calculate n(3).
-1466
Let s(t) = -17302*t - 1332245. Give s(-77).
9
Let t(f) = 4*f**3 - 192*f**2 + 373*f + 68. Determine t(46).
298
Let u(g) = -5374*g - 27623. Give u(-5).
-753
Let a(r) = 18*r**3 + 86*r**2 + 160*r + 904. Determine a(-5).
4
Let k(p) = p**3 + 93*p**2 + 1939*p + 8502. What is k(-6)?
0
Let m(x) = x**3 + 77*x**2 + 170*x - 731. Give m(-75).
-2231
Let x(y) = -6*y**2 + 37*y + 10456. Determine x(45).
-29
Let s(y) = -756*y + 4590. Calculate s(6).
54
Let z(h) = -2*h**3 - 216*h**2 - 406*h + 1903. What is z(-106)?
-5
Let a(h) = h**3 - 16*h**2 - 8079*h + 65132. What is a(8)?
-12
Let t(f) = 93*f**2 + 114*f + 505. Give t(-5).
2260
Let f(g) = 363*g + 63204. What is f(-174)?
42
Let h(z) = 4*z**2 - 536*z - 2243. Give h(138).
-35
Let b(o) = -721*o - 5789. Determine b(-8).
-21
Let f(r) = 4*r**3 - 45*r**2 + 473*r - 2961. Give f(8).
-9
Let a(z) = z**3 - 1087*z**2 - 10993*z - 196. Determine a(-10).
34
Let v(h) = -2*h**3 - 76*h**2 + 936*h + 182. Determine v(10).
-58
Let x(n) = -42*n**2 - 1138*n - 1187. Calculate x(-26).
9
Let c(w) = 3322*w - 86664. Determine c(26).
-292
Let y(v) = -711*v**3 - v**2 + 14*v - 13. Give y(1).
-711
Let v(g) = 98*g**2 - 1083*g + 12. Determine v(11).
-43
Let c(b) = -4*b**2 + 83*b - 794. Calculate c(7).
-409
Let i(v) = 1566*v**2 + 261521*v - 163. Calculate i(-167).
4
Let l(a) = -7*a**2 + 2*a + 420. Give l(8).
-12
Let a(f) = -f**3 - 66*f**2 - 368*f - 395. Determine a(-60).
85
Let g(o) = 8*o**2 + 350*o - 2930. What is g(-51)?
28
Let k(t) = 24*t**2 + 853*t + 83. Calculate k(-36).
479
Let k(o) = 7188*o - 71877. What is k(10)?
3
Let v(g) = 12351*g - 86259. Calculate v(7).
198
Let q(t) = 861476*t - 12060697. Give q(14).
-33
Let h(c) = 34*c**3 + 25*c**2 - 14*c - 45. Calculate h(-4).
-1765
Let p(t) = 7419*t + 29686. Determine p(-4).
10
Let p(w) = -59*w - 3455. Determine p(-49).
-564
Let t(o) = 40626*o - 325016. Calculate t(8).
-8
Let m(i) = -618*i - 12950. Determine m(-18).
-1826
Let y(h) = 4*h**3 - 3572*h**2 - 14339*h + 44. Determine y(-4).
-8
Let c(p) = 37*p**2 + 217*p - 1495. Calculate c(7).
1837
Let j(a) = a**2 - 26*a + 304. Determine j(37).
711
Let l(y) = 3*y**3 + 1783*y**2 + 211186*y - 1719. What is l(-431)?
5
Let y(o) = o**3 - 50*o**2 - 341*o - 571. What is y(56)?
-851
Let g(h) = 295*h - 1246. Calculate g(9).
1409
Let z(s) = 1353*s + 135864. Give z(-100).
564
Let r(i) = -i**2 + 26766*i + 7217816. Give r(-267).
5
Let s(l) = l**3 - 4*l**2 - 683*l + 7108. Calculate s(11).
442
Let k(p) = -297612*p - 2976108. What is k(-10)?
12
Let b(r) = -34668*r + 1074802. Calculate b(31).
94
Let s(a) = a**3 + 1084*a**2 - 13346*a - 212631. Calculate s(-1096).
-7
Let m(k) = -1909*k - 9483. What is m(-5)?
62
Let d(h) = 268*h**3 - 18*h**2 - 26*h + 45. What is d(1)?
269
Let r(t) = 94*t**2 + 37*t - 442. Calculate r(2).
8
Let u(t) = t**3 + 383*t**2 - 3135*t - 21. What is u(8)?
-77
Let w(z) = -1310*z - 497785. Calculate w(-380).
15
Let t(r) = 30*r - 82. Determine t(6).
98
Let c(l) = l**3 + 11*l**2 - 48*l - 525. Determine c(-11).
3
Let r(c) = -c**3 - 115*c**2 + 148*c + 4354. What is r(-116)?
642
Let z(t) = -4*t**2 - 738*t - 4022. Give z(-179).
-84
Let c(o) = -3*o**3 + 225*o**2 + 11*o - 1061. Calculate c(75).
-236
Let d(m) = -17*m**2 - 6104*m - 12502. What is d(-357)?
-7
Let a(b) = -26135*b + 2326065. Calculate a(89).
50
Let a(k) = 1445*k**2 - 6181*k + 5. Calculate a(5).
5225
Let l(i) = -157653*i - 4729610. Calculate l(-30).
-20
Let i(b) = b**2 - 801*b + 60874. Give i(85).
14
Let h(n) = 2*n**2 - 2049*n - 39654. Calculate h(-19).
-1
Let d(l) = 4*l**2 + 522*l - 1381. Give d(-131).
-1119
Let m(c) = -1300*c + 254804. Determine m(196).
4
Let w(l) = l**3 - 1075*l**2 + 6815*l - 2391. Calculate w(6).
15
Let c(b) = 80*b**3 - 2644*b**2 + 106*b + 790. Calculate c(33).
-68
Let p(a) = 298*a**2 + 125157*a - 1256. Calculate p(-420).
4
Let c(t) = -20870*t**2 - 229575*t - 59. Determine c(-11).
-4
Let y(t) = 13166*t - 1277101. Determine y(97).
1
Let y(z) = z**3 - 344*z**2 + 12181*z - 6436. Calculate y(304).
-52
Let l(f) = -f**3 - 9*f**2 - 1644*f - 32504. What is l(-18)?
4
Let y(l) = -59*l**2 + 1724*l + 3444. Give y(-2).
-240
Let k(o) = o**2 + 2060*o + 165975. Calculate k(-84).
-9
Let l(u) = -2*u**2 - 1400*u - 90429. Give l(-72).
3
Let b(d) = 2610*d - 166964. Calculate b(64).
76
Let c(n) = -39469*n - 6512391. Determine c(-165).
-6
Let b(q) = q**3 + 23*q**2 + 212*q + 714. Give b(-6).
54
Let a(k) = -19*k**2 - 89*k - 241. Determine a(-3).
-145
Let j(t) = 14*t**2 - 199*t + 182. Calculate j(14).
140
Let w(f) = 43*f**2 - 2476*f - 1056. Give w(58).
-12
Let z(q) = 2*q**3 + 10*q**2 + 56*q + 61. What is z(-3)?
-71
Let l(z) = z**3 + 83*z**2 + 586*z + 19. What is l(-9)?
739
Let d(q) = -q**3 + 16*q**2 - 313*q + 4178. What is d(14)?
188
Let v(k) = k**3 + 5*k**2 - 77*k - 70. Give v(-8).
354
Let w(x) = -9*x**3 + 2784*x**2 + 18917*x + 13594. What is w(316)?
6
Let l(x) = -5*x**3 + 121*x**2 - 20*x + 8. What is l(24)?
104
Let h(b) = b**3 - 108*b**2 + 811*b - 143. What is h(8)?
-55
Let b(g) = -g**3 - 538*g**2 + 445*g - 50675. Calculate b(-539).
-9
Let j(g) = -172*g**2 - 2407*g + 5. Determine j(-14).
-9
Let q(g) = -90*g + 2962. What is q(34)?
-98
Let c(h) = -67389*h - 673912. Determine c(-10).
-22
Let b(n) = -n**3 - 21*n**2 + 213*n + 5004. Calculate b(-18).
198
Let h(c) = 61148*c + 61144. Give h(-1).
-4
Let n(r) = -2*r**2 - 4684*r - 18781. Calculate n(-4).
-77
Let j(t) = 2*t**2 + 1243*